 (8 - -1).
15
What is 2 + -2 - (16 - 24)?
8
What is the value of -8 + 6 - (5 - (5 + -10 + 6))?
-6
What is the value of (-2 - (-1 + -6) - -1) + -11 + 8?
3
Calculate -5 - (97 + -98) - (1 + -3 + -10).
8
What is -10 - ((12 - 1) + (119 - 120))?
-20
Calculate (8 - -8) + -8 - (13 + 15).
-20
Calculate (-4 - 29) + (251 - 226).
-8
What is the value of (9 - -5) + (-28 - -20)?
6
What is 7 + (3 + (7 + -2 - 12) - 6)?
-3
What is the value of -33 - 2 - (-272 + 250)?
-13
Evaluate 3 - (-6 - -20) - (3 - 1).
-13
Evaluate (-4 - (7 - -12)) + 3 + -1 + 4.
-17
Evaluate 1 - (3 - (-4 + 11 - 11)).
-6
Evaluate 5 + 8 + (0 - 4).
9
Calculate -6 + -3 + 16 + -7 + -15 + 12.
-3
Calculate 34 + -13 + (11 - (-10 + 19 + -7)).
30
Calculate -1 + 5 + -4 + (-3 - -1) + -4.
-6
Evaluate -43 + 35 - 1 - 5.
-14
13 - (19 + 10 + -15 + -7)
6
What is the value of (37 - 7 - 41) + 50?
39
What is the value of 11 - 7 - (4 - -3) - 12?
-15
Calculate (-3 + 5 - 14) + -15 + -1.
-28
Evaluate 4 + 5 + 8 + -5 + -8.
4
Evaluate -3 + (2 - (-3 - -5 - -5)).
-8
What is -7 - (2 + (-1 - 5) + 7)?
-10
2 + (12 - 3) - (5 + -1 + 2)
5
-5 + (-2 - -13) + 29 + -31
4
Evaluate -3 + (18 - (2 - -10)).
3
19 + (-15 - (0 + 0))
4
What is 6 - (-31 + 24 + (0 - -5) + 3)?
5
Evaluate -54 - (11 - 34 - 4).
-27
Evaluate -31 + (3 - 11) - -32.
-7
What is 15 - 0 - (-1145 + 1156)?
4
Evaluate 3 + (-7 + -8 - -7) + 9.
4
What is 43 + -59 + 15 + -5?
-6
Evaluate (-11 - 7) + 6 + 2 + 7 - -7.
4
What is (17 - 3) + 50 + -48?
16
What is (53 - 59) + (19 + 10 - 6)?
17
Calculate 1 - ((2 - -22) + (72 - 81)).
-14
1 + -8 + (-15 - (-12 + 5)) + 8
-7
What is 6 - ((14 - 29) + 53)?
-32
14 + -1 + 5 + (-8 - (-15 + 6))
19
8 - (6 + -1 - -9) - -1
-5
-114 - -104 - (2 - (4 - 1))
-9
Evaluate -20 + (6 - -1) + 23.
10
What is (-12 - -1) + (-9 + -5 - -8)?
-17
(54 - 70) + (7 - 16)
-25
Evaluate -30 - (-16 + 53 - 95).
28
What is the value of -22 + 26 + -13 - -5?
-4
Evaluate 3 + -16 + (15 - 9) - (-12 - 1).
6
Evaluate -9 - 1 - (32 + -37).
-5
What is the value of -2 + -1 + 791 + -797?
-9
What is the value of 2 - (-1 - (-1 + -3 + 0))?
-1
Calculate (-9 - -21) + -8 - 8.
-4
Calculate 38 - (16 - (7 + -7)).
22
Calculate 2 + (-25 - -27) + -2 + 3 + -37.
-32
(-9 - -22) + -7 + -1
5
Evaluate (12 + 33 - 36) + (8 - 0).
17
(410 - 409) + (4 + 2 - 1) + 0
6
(-4 - 20) + -18 + 26 + (3 - 20)
-33
Calculate 1 + (2 - -19) + -9.
13
7 + -35 + 17 - -9
-2
Calculate -1 + -18 + (-74 + 136 - 17).
26
(11 - (6 - 5)) + -5 + 20
25
What is -7 + -1 + -9 - -11?
-6
What is the value of 2 + -19 + 20 + 6 + 1?
10
Calculate 18 + 29 + -37 - (0 + 1 + -23).
32
Calculate -8 - (-9 + 10) - (-16 + 18).
-11
Evaluate -1 + -11 - (453 + -467).
2
Calculate 36 + -13 - (6 - -1).
16
Evaluate 251 - 252 - (1 + 0 + 0).
-2
What is the value of 9 + (2 - (14 - -15))?
-18
What is the value of (-35 + 41 - (7 + -1)) + (-1 - -7)?
6
76 + -141 - -72 - (0 - -6)
1
What is the value of 21 - (-1 - (2 + -29))?
-5
Calculate (18 - (-3 - -12)) + 16 + -4.
21
What is the value of 19 + 0 + (5 - (-13 + 13 + 5))?
19
Evaluate (6 - 9) + -33 + 1 - -13.
-22
-12 + (-3 - (7 + -9 + -7 + 3))
-9
Calculate (-19 + 5 - -13) + (-17 + 2 - -3).
-13
-4 - (6 + 8 + (-1 - 7))
-10
What is the value of (-2 - -14) + 10 + -16 + 12 + -9?
9
What is (9 - 0) + (29 - 44)?
-6
Calculate -10 - (0 + (-17 - (-27 - -13))).
-7
What is the value of 0 + (26 - (7 + (-4 - -13) - 8))?
18
Evaluate 3 + 1 + (14 - (12 - 6)).
12
What is the value of (0 - -11) + -8 - (-4 - (-7 - -5))?
5
16 - (15 - (-7 + 12))
6
Evaluate 7 + -3 + 1 + -26 + -8 - -6.
-23
What is the value of 3 - -1 - (-23 - (-6 - 8))?
13
0 - (4 + 2 + (-1 - -3) - 0)
-8
What is the value of (-2 - 28) + (74 - 52)?
-8
Calculate -44 - (-72 - -10) - (-13 - -2).
29
Calculate (1 + 4 + -1 - (39 - 35)) + -21.
-21
What is (8 - 32 - -15) + 9?
0
What is -24 + 19 - (1 + 0 + 2)?
-8
Evaluate -5 + -19 - (-29 + 18 - -22).
-35
What is the value of -21 - 2 - (-49 - -7)?
19
Calculate (-120 + 116 - (-3 - 0)) + 12.
11
Evaluate -8 - (36 + -5 + -22).
-17
Calculate 14 + -19 + 8 + 8.
11
Calculate 3 + (-3 - (-6 - (-8 - -3) - 0)).
1
Evaluate 25 + -9 + -26 - ((0 - -2) + -4).
-8
(6 + 0 - 2) + (648 - 641)
11
What is 1 + -12 + (-5 - -1 - (6 - 18))?
-3
What is the value of 44 + (-7 - -15 - (-2 - (-9 - 6)))?
39
What is the value of 10 + -13 + (-16 - -25)?
6
Evaluate -1 - ((-5 - -10) + 5 - 4) - 3.
-10
Calculate (2 - 3) + 9 + -4 + 2 + -10.
-4
What is -16 + 19 - (-1 + 0) - (-30 + 3)?
31
What is (0 - 27 - -57) + -25?
5
What is the value of (3 + 3 - -1) + (2 + 40 - 21)?
28
Evaluate (0 - 9 - (-20 - -4)) + 8.
15
What is the value of -2 + 13 + -4 - 10?
-3
Calculate -9 - ((-24 - -13 - -20) + -36).
18
What is (-4 + 0 - -10) + (21 - 9)?
18
Calculate -2 + 14 + -7 + 11.
16
(71 - 58) + (2 - 0) + 13
28
What is 7 + -21 + 10 - -3 - 13?
-14
Evaluate (-3 - -12) + (15 - (-9 - -19)).
14
Calculate -48 + (18 + -2 - (-23 + 24)).
-33
Evaluate -15 + -5 + -2 + 4.
-18
Calculate (-25 - -20) + 1 + -4.
-8
10 + -2 - (5 - 16 - -9)
10
What is the value of -16 - ((8 - 5) + -9)?
-10
Calculate 2 + -4 + 13 + -29 + (-5 - -39).
16
Calculate -1 - (-6 + -1) - (67 + -64).
3
Evaluate 2 + 1 - 1 - (1 + -2 - 5).
8
Calculate -7 + 2 + -2 + (-9 - -5 - -3).
-8
(0 - (2 + 7)) + 618 + -621
-12
What is -2 - (5 + 12 + -3)?
-16
(-4 - (13 - 26)) + (-3 - 2)
4
(-5 + 2 - -8) + 7 + -2 + 1
11
(-3 - ((13 - 4) + -8)) + -10 + 26
12
What is 17 - 0 - (-145 - -159)?
3
-5 - (-9 + (-6 - 2))
12
Calculate 42 - ((-14 - ((-7 - 1) + 0)) + 9).
39
What is -2 + -6 - (3 - -8 - (21 + -11))?
-9
Calculate -60 - (23 + (-32 - 23)).
-28
Evaluate (-99 + 82 - (-2 + -14)) + 15.
14
What is 31 + -35 - (0 - -11 - 10)?
-5
Calculate (-9 - (6 + -15)) + -12.
-12
Evaluate 0 + -5 + (7 - -1) + 1.
4
-8 + 4 + 0 + 2 + -5
-7
What is the value of 11 + (10 - 3 - 11) + -2 - 8?
-3
6 - (-3 - ((11 + -10 - -6) + -12))
4
What is the value of 0 + 2 - (11 + -25 - -25)?
-9
What is -16 + -17 + 49 + (-2 - -12)?
26
Evaluate 14 + (-42 - -24 - -17).
13
What is -16 + (-2 - 3) - (-7 - 2)?
-12
What is the value of -12 - (22 - 8 - 17)?
-9
Evaluate (-10 - -19) + -15 - 4.
-10
What is 41 - 3 - (402 - 367)?
3
Calculate -2 + (2 - (-16 + 11 + -11)).
16
(-860 - -861) + 0 + 1 + 0 + -1
1
What is the value of 11 - ((-12 - -10) + -10)?
23
5 + -4 + (-12 - -14)
3
Evaluate 1 + 17 + (67 - 92).
-7
(3 - (-9 + 16)) + 0
-4
Calculate -14 + (-13 - -22) + 1.
-4
What is (16 - (-1 - 3)) + (9 - -7) + -13?
23
Evaluate -11 + 13 - 8 - 16.
-22
Evaluate -13 - 2 - ((-28 - -9) + 10).
-6
What is the value of (2 - -4) + -23 + (-2 - -3)?
-16
Calculate 9 + (-14 - -22 - 20) + 11.
8
Evaluate 16 + -1 - (-1 + 5).
11
(-2 - -8 - -2) + (-60 - -56)
4
Calculate -2 - (26 - (9 - 13 - (-6 + -3))).
-23
Evaluate -14 + (-38 + 25 - -14).
-13
What is the value of -3 + -10 - -2 - (-11 - 2)?
2
What is 1 + 27 + 1439 + -1479?
-12
What is 12 + 9 + -13 + 0 + -4?
4
What is (-247 - -251) + -1 + 3 + 5?
11
What is -22 + 1 + 459 + -441 + (4 - -1)?
2
Evaluate -20 + 26 - (21 - 19).
4
What is -9 + (9 + 13 - 13)?
0
Evaluate 9 + (1 - 8) - -28 - (6 + 4).
20
Calculate -21 - -6 - (-3 - (-2 - (-5 + 8))).
-17
Evaluate -52 - -51 - ((0 - 0) + -1 + 0).
0
Evaluate -12 + -12 + 6 - -21.
3
What is (-1 - 5) + 18 + 1 + -1 + -12?
0
Calculate 0 - 11 - (7 - 28 - -11).
-1
What is the value of -1 + (-8 - -9) + -2 - 3?
-5
What is the value of 4 - (-10 - (-9 - -3) - -13) - 0?
-5
6 - (11 + -8 - -4 - 5)
4
Calculate (7 - 7 - -3) + 5.
8
56 + -44 + (-29 - 2)
-19
What is (-8 - -1) + (-91 - -92)?
-6
Evaluate -35 + 22 + 5 + -1 - (5 + -26).
12
Evaluate (0 - 19 - 1) + (-4 - -10).
-14
What is (30 + -1 - 27) + 8?
10
Evaluate -13 - (-2 + 5 - 24 - 5).
13
What is the value of (617 - 619) + (1 - -2 - 16)?
-15
Evaluate (-11 - -11) + -4 - (-1 - 10).
7
What is the value of -3 + 2 - -26 - (-1636 + 1648)?
13
Evaluate 2 + 10 + -7 + (-13 - -1) + 19.
12
-30 - -14 - (-14 + 0) - (0 - -8)
-10
Evaluate -5 - 15 - (-8 + 8 + -8).
-12
Calculate 24 + -14 + -33 + 13 + -14.
-24
What is the value of (13 + -15 - 2) + (-2 - (3 + -14))?
5
-18 + 2 - ((0 - 0) + 25 + -28)
-13
Calculate -2 + -11 + (7 - -2) + 1.
-3
-7 - (-7 + 12 - (-2 + 4))
-10
Evaluate 7 + 3 + -6 - ((0 - -4) + 0).
0
What is the value of (0 - (-9 + -2)) + (-16 - 16) + 35?
14
What is (0 - (6 + -4) - (2 - -2)) + 18?
12
-1 - -8 - (4 - 12 - (4 - 14))
5
Evaluate 1 + 12 + (12 - 8) + 5.
22
Evaluate 162 + -156 - (4 + 1 + (1 - -1)).
-1
Calculate -12 + 1 + 0 + (-1 - 3 - -1